*n + 4*g + 32 = 0. What is the greatest common factor of n and 35292?
34
Let z = 204 + -191. Let r = 30 + -28. Suppose r*a = -5*v + 10*v + 46, -4*v = 2*a - 10. Calculate the greatest common divisor of z and a.
13
Let f(c) = 1723*c - 20646. Let h be f(12). Suppose -a = -3*l + 72, -l + 0*a + 24 = 4*a. What is the highest common divisor of l and h?
6
Suppose 6908 = 3*z + 2*w, -5*w + 344 = 4*z - 8876. What is the greatest common divisor of z and 92?
92
Let h be 1/(-3) + 80/6. Let n(i) = 3*i**3 + 6*i + 10. Let d be n(3). Let z = 161 - d. What is the greatest common factor of h and z?
13
Suppose 2*i + 92 = 5*m, -4*m - 437 = -4*i - 525. Let j = 16 - 8. Calculate the highest common factor of j and m.
8
Let o be 9494 + 72/(-120)*-20. Calculate the greatest common divisor of o and 98.
98
Suppose 4*n = -3*c + 726, -4*c + 4*n = -9*c + 1202. What is the greatest common divisor of c and 434?
14
Let j = -83 - -85. Suppose 3*q = j*o + 90, 2 = o - 1. Let h(b) = -5*b**3 - b**2. Let a be h(-1). What is the highest common factor of q and a?
4
Let o = 28300 - 28278. What is the greatest common divisor of 26422 and o?
22
Let i(b) = -12*b - 4. Let a be i(6). Let s(k) = -4*k**2 + 18*k + 5. Let h be s(7). Let z = h - a. Calculate the greatest common divisor of 1 and z.
1
Let c(j) = -485*j - 1139. Let q be c(-3). What is the greatest common factor of 1106 and q?
158
Suppose 2*i + 4*v = 296, -9*i + 1577 - 197 = 2*v. Calculate the highest common divisor of 231 and i.
77
Suppose 78 = 3*c + 4*m, c - 3*c + 54 = 2*m. What is the highest common divisor of c and 2835?
15
Suppose -2 = 9*i - 2. Let q be (0/((-2)/(-1)))/(-1). Suppose -4*l + 5*f + i*f + 15 = q, -f = -4*l + 35. What is the highest common divisor of l and 30?
10
Let j(b) = -11*b - 27. Let f be j(-3). Let m be (-520)/(-44) + f/33. Calculate the highest common divisor of 246 and m.
6
Let t = 65 - 60. Suppose 5*n - 725 = y, -n + t*y + 134 = 7*y. Calculate the greatest common factor of 72 and n.
72
Let l be ((-2)/9)/((-1180)/(-90) - 13). Let v be (-3504)/40*-5 - l. What is the highest common divisor of 110 and v?
110
Suppose 4 = -q + 5*a, -2*a = -q - 0*q + 8. Let t = 6541 + -6465. What is the highest common factor of t and q?
4
Let g = 13 - 8. Suppose -2*a - 147 = -g*a. What is the highest common factor of a and 147?
49
Let g(j) = -2*j**3 + j**2 + 4*j + 7. Let f = 256 + -258. Let b be g(f). Calculate the highest common divisor of 57 and b.
19
Let o(s) = 5*s**3 + 7*s**2 + 4*s + 29. Let v be o(-6). Let t = 833 + v. Suppose -3*q + 235 = 25. Calculate the greatest common factor of t and q.
10
Suppose 3821 - 461 = 80*v. Calculate the highest common factor of 651 and v.
21
Let f be 4*(-770)/(-56) - 6. What is the highest common factor of f and 343?
49
Let b be 47 - 18/(1 - -2). Suppose 45*n = b*n + 220. Let j be (-111)/(-5) + (-2)/10. Calculate the greatest common divisor of n and j.
11
Let l = -10776 - -11824. What is the greatest common factor of 16 and l?
8
Suppose -23*v = -34*v - 11. Let r be (4/6)/(v/(-138)*2). What is the greatest common divisor of r and 69?
23
Suppose -q = r - 16, -q + 5*r = 2*q - 80. Let n be (0 + 5)*(-16)/(-40). Let h be 122 - (6 - 2)/n. What is the greatest common divisor of q and h?
20
Let g(c) = c**3 - 5*c**2 - c + 4. Let n be g(5). Let y be (-6)/(-7)*(104 - n). Calculate the highest common factor of 50 and y.
10
Let q be (-3)/((-12)/(-832))*(-9 + 160/20). What is the highest common divisor of q and 4342?
26
Let x(d) = -61*d - 1759. Let k be x(-29). Calculate the highest common factor of k and 8630.
10
Let l = -610 - -637. Suppose -k + 211 = -0*k - 5*n, -2*k + 433 = n. What is the greatest common factor of l and k?
27
Let q be (5336/290)/(((-96)/(-45))/2 - 1). Calculate the highest common divisor of q and 11247.
69
Suppose 54 = -3*w + 171. Suppose w = 2*k + 5*q - 54, 5*k - 276 = 2*q. What is the highest common divisor of k and 144?
18
Let i be 420/90*(-186)/(-7). Let z = 6 - 2. Suppose 0 = -z*t + 6*t - i. Calculate the highest common factor of t and 434.
62
Suppose 27*s - 29435 = 10255. What is the greatest common factor of s and 35?
35
Let h be (3 - 1)*(13 + -12). Let p(z) = 3*z**2 - h*z**2 + 784 - 3*z - 802. Let u be p(8). Calculate the highest common divisor of 2 and u.
2
Suppose -5*g = 2*p - 984, -g = 2*p - 137 - 55. Calculate the highest common factor of 4 and g.
2
Suppose -3*u - 21 = -0*v + 2*v, 4*v - 5*u + 75 = 0. Let d(f) = 5*f + 102. Let g be d(v). What is the highest common factor of g and 6?
3
Suppose -1038*i + 1004*i + 3400 = 0. Calculate the highest common divisor of 125 and i.
25
Let c = -1699 - -2402. Calculate the highest common divisor of c and 38.
19
Suppose 167*c - 3224 = 617. What is the greatest common divisor of 4 and c?
1
Let w = -76 - -101. Let p(r) = -r**2 + 29*r - 93. Let m be p(w). Calculate the greatest common divisor of 189 and m.
7
Let x(p) = p**3 + p**2 - 18*p + 48. Let u be x(10). What is the highest common divisor of 132 and u?
44
Suppose -15 = 8*a - 13*a. Suppose -3*c + 7*c - 298 = a*k, -3*c = -5*k - 229. What is the greatest common divisor of c and 292?
73
Let c = 7759 + -7755. Calculate the greatest common factor of 1036 and c.
4
Suppose 20*r - 531 = 63 + 66. Calculate the highest common divisor of r and 96.
3
Let t be (42/(-15))/((-1)/5)*3. Let j be (-12585)/(-75) - 4/(-20). Calculate the greatest common divisor of j and t.
42
Let n be ((-29)/(2465/918))/((-4)/900). What is the greatest common divisor of n and 105?
15
Let u(c) = 11137*c + 190410. Let d be u(-17). Let p be (-4 - -2)*(-94)/4. Calculate the highest common divisor of d and p.
47
Suppose 2*t - 4*t = -858. Suppose -10*q = -2*u - 13*q + 90, u - 55 = -4*q. Calculate the greatest common factor of t and u.
39
Let f = -3677 + 3950. Calculate the greatest common factor of 26 and f.
13
Let o(f) = 6*f**2 - 59*f + 209. Let y be o(5). What is the greatest common factor of 248 and y?
8
Let x = 21984 - -11403. What is the highest common factor of 93 and x?
93
Suppose 835 = 5*i - 2140. Let n = -307 + i. Suppose -3*g = -0*k + k - 32, -k + 32 = -2*g. Calculate the greatest common divisor of k and n.
32
Suppose -90*u + 86*u + 10132 = 4*v, -3*u - 7*v = -7623. Calculate the highest common divisor of 95 and u.
19
Suppose 33 = -22*n + 341. Let l be (-2 + n)*(-1 - 42/(-7)). What is the greatest common divisor of 660 and l?
60
Let q = 224 - 223. Suppose -5*k + q = 3*n - 186, n = -1. Let m be (-2)/7 + 3728/14. Calculate the highest common divisor of m and k.
38
Let s(q) = -q - 12. Let y be s(-9). Let f be 6/(-18) - 745/y. Calculate the greatest common divisor of f and 93.
31
Let r(t) = 2*t**2 + 24*t - 393. Let f be r(-22). Calculate the highest common factor of f and 11797.
47
Let x be 4 - ((-1 - 4) + 9). Suppose 7*r + 184 - 471 = x. What is the highest common divisor of r and 123?
41
Suppose 21 - 16329 = -27*a. Suppose -a - 1124 = -48*b. What is the highest common divisor of 84 and b?
12
Suppose 3*w - 330 = -18. Suppose 6*a - 13*a = -2163. Let o = -296 + a. Calculate the greatest common factor of w and o.
13
Let q(b) = -36*b + 54. Let s be q(0). Suppose -5*v - 79 = -3*a, 4*a = 2*a + 4*v + s. Calculate the greatest common divisor of 115 and a.
23
Let f(g) = -805*g - 4501. Let a be f(-6). Calculate the greatest common factor of 217 and a.
7
Let j = -137 + 164. Suppose -30*x = -27*x - 3. What is the highest common factor of j and x?
1
Let d be (-810)/(-45) - (-6841 + 1). Calculate the highest common divisor of d and 108.
54
Suppose -78 = -q - 26. Let b = 353 - 335. Suppose -b*i + 21*i + 514 = 5*g, 3*g + 3*i = 318. What is the highest common divisor of q and g?
52
Let k(n) = n - 4. Let w be k(4). Suppose w = -2*l + 24 + 156. Suppose r - l = -8*r. Calculate the highest common factor of r and 20.
10
Let o(b) = -2*b + 34. Suppose -22*l = -30*l + 112. Let a be o(l). What is the highest common divisor of a and 81?
3
Suppose -47*i = -44*i - a - 1020, 5*i + a - 1716 = 0. Calculate the highest common divisor of 486 and i.
18
Suppose -5*k + 4*o + 1106 + 104 = 0, o - 1185 = -5*k. Let m be (84/(-8))/((-6)/8). Calculate the highest common factor of m and k.
14
Suppose 9*j - 100 = 251. Let t = 40 - 69. Let g = j + t. Calculate the greatest common divisor of 25 and g.
5
Let i(r) = -r**3 + 12*r**2 - 17*r + 12. Let t be i(8). What is th